test common factor of 616 and d.
88
Let m be 4 + 3 + (-6 - -3). Suppose 26*t - 360 = 20*t. Suppose -m*s + t = s. Calculate the highest common divisor of s and 108.
12
Let a = -11306 - -11326. Calculate the greatest common factor of a and 570.
10
Let u = 2410 + -1519. Calculate the highest common factor of u and 66.
33
Let a be 124692/108 + 32/72. Calculate the greatest common divisor of 7 and a.
7
Suppose -o + 4*u + 1 = 19, u = -4*o + 13. Suppose -o*f = -2*z - 10 + 74, 0 = 2*f. Calculate the greatest common factor of 176 and z.
16
Let k(f) = 2*f - 16. Let v be k(12). Suppose -1190 = -42*w + v*w. Calculate the greatest common factor of w and 63.
7
Let c(z) = -2*z + 12. Let l be c(4). Let h = -5111 + 5127. What is the highest common factor of l and h?
4
Let d = -3795 + 3803. What is the greatest common divisor of 7 and d?
1
Suppose 5*q - 3576 = 4*h, 7*h + 6 = 8*h. What is the greatest common factor of q and 756?
36
Let f be (((-23)/(-2))/((-3)/3))/((-28)/280). What is the greatest common factor of f and 23?
23
Let r = 89 + -17. Suppose 91 = m + r. What is the greatest common divisor of 133 and m?
19
Suppose -j - o = 6, 0 = -2*j + 3*o - 6*o - 15. Let s be ((-9)/3 + 39 - -3) + j. Calculate the highest common factor of 12 and s.
12
Let p(c) = 12*c**3 - 6*c**2 + c. Let g be p(3). Let n = -177 + g. Calculate the highest common factor of n and 3.
3
Suppose 8316 = -39*z + 83*z. Calculate the greatest common divisor of 432 and z.
27
Suppose -16*p = -3791 - 2929. Calculate the highest common factor of p and 924.
84
Let u(z) = z**3 + 3*z**2 - 3*z + 29. Let y be u(0). Suppose -546 = -y*l + 208. Calculate the highest common divisor of l and 78.
26
Let j = 21373 - 21172. What is the greatest common factor of 21 and j?
3
Suppose -35 = -5*h, 4*z = 5*h - 125 + 426. What is the highest common factor of 876 and z?
12
Let r = -1755 - -1995. What is the greatest common factor of 120 and r?
120
Let m be (36/6 - 6)/6. Suppose 2*r - 3*j - 684 = m, r = 4*r - 5*j - 1028. Calculate the greatest common divisor of 42 and r.
42
Let z be ((-4362)/(-168) - 6/(-21))*-4. Let y be (-5)/2*168/z. What is the highest common factor of 44 and y?
4
Let f be (-8)/32*-1*20. Suppose -2*g = -f*n + 59 + 115, 132 = 4*n - 4*g. Suppose -3*p + n = -p. What is the highest common factor of 198 and p?
18
Suppose 0 = -62*t + 14*t + 115200. Calculate the greatest common factor of 288 and t.
96
Let k be (-1 - 247)*180/(-720). What is the greatest common divisor of 1984 and k?
62
Suppose 0 = -220*w + 223*w + o - 3793, o = -2. What is the greatest common divisor of 33 and w?
11
Suppose 259*z = 256*z + 378. Let k be z/24 + 2/(-8). Calculate the greatest common factor of k and 5.
5
Let i = -2578 + 6736. Suppose -i = -10*f - 11*f. What is the greatest common factor of 18 and f?
18
Let r(z) = 167 - 4*z**2 + 6*z - 166 + 0*z**2. Let h be r(2). Let p be (-147)/(-15) - h/15. Calculate the highest common divisor of p and 110.
10
Let i = 5086 + -3920. What is the highest common factor of 106 and i?
106
Suppose -21*q + 36547 - 11410 = 0. Let g = -684 + q. What is the greatest common divisor of g and 19?
19
Let u(v) = 21*v - 17. Let n be u(1). Suppose -g = -5, -n*k - 5*g + 86 - 33 = 0. What is the greatest common divisor of k and 35?
7
Suppose -31*u + 16 = -30*u. Let a be (-54)/12*u/(-36). Calculate the highest common factor of a and 106.
2
Let z = 25166 - 5251. Calculate the highest common factor of z and 35.
35
Suppose 0 = 5*a - 3*a. Suppose a*o + 40 = 4*o. Suppose -3993 = 3*c - 3999. What is the greatest common divisor of c and o?
2
Suppose 22*s - 111 - 43 = 0. Calculate the greatest common factor of 1337 and s.
7
Suppose 0 = 2*t - 199 + 199. Let v(z) = 11*z**2 - 3. Let s be v(3). Suppose t = 10*h - 7*h - s. What is the highest common factor of h and 80?
16
Let y(b) = b**3 - 5*b**2 + 10*b - 39. Suppose -120 = -11*d - 9*d. Let r be y(d). What is the highest common divisor of r and 513?
57
Suppose -5*z = 15, -3*z + 8 = -2*u + 37. Let n(k) = 2*k**3 - 43*k**2 + 115*k + 3. Let g be n(3). What is the highest common divisor of u and g?
5
Let u be 115/4*379/(31836/2016). Let p = -35 - -65. What is the greatest common factor of u and p?
30
Let c(o) = -175*o + 76. Let h be c(0). Calculate the greatest common divisor of 824 and h.
4
Let g(u) = u**2 - 400*u + 5591. Let v be g(14). Suppose h - 98 + 13 = 0. What is the greatest common factor of h and v?
17
Let y be ((-10)/(-12)*-2)/((-5)/210). Suppose 0 = 9*p - 2 - y. Suppose -p*g + 7*g = -20. Calculate the highest common factor of 90 and g.
10
Suppose -n = 5*g + 17, 3*g = -5*n + 3*n - 20. Let h(r) = 438*r - 881*r + 435*r + 7. Let f be h(n). What is the greatest common factor of 9 and f?
9
Let l(r) = r**3 + 23*r**2 + 23*r + 22. Let u be l(-22). Suppose -17*a + 38 + 81 = u. Calculate the greatest common divisor of a and 4.
1
Suppose 0 = -3*w + 3*k + 3225, 2*w + 2*k = -2*w + 4294. Calculate the highest common factor of 12 and w.
6
Suppose 10*d = -387 + 2197. Let a = 197 - d. Calculate the highest common factor of a and 144.
16
Let i(b) = 54*b + 27*b - 13*b + 0*b - 38. Let s be i(2). What is the highest common factor of 14 and s?
14
Let d(i) = 3*i + 81. Let s be d(-21). Let x = -1099 + 1945. Calculate the greatest common factor of s and x.
18
Let r be 2142360/(-54)*(-51)/34. What is the highest common factor of 110 and r?
110
Let i(c) = 3*c**2 - c + 2. Let s be i(-3). Let a be -6 - (-3 - ((-2 - -5) + 7 + -5)). What is the greatest common factor of s and a?
2
Let a(j) = -45*j + 7. Let m = -64 - -63. Let d be a(m). Let f be 42/28*d/6. Calculate the highest common divisor of f and 26.
13
Suppose 2044 = 2*k + 4*r, 4*k - r - 1460 = 2646. What is the greatest common divisor of k and 38?
38
Let u = 215 - 575. Let v = u - -381. Calculate the highest common factor of 189 and v.
21
Suppose 0 = -u - 4*i + 28, -i - 18 = 17*u - 18*u. Calculate the highest common divisor of u and 2230.
10
Suppose -45*v = -43*v - 2*i - 38, 55 = 5*v + 5*i. What is the greatest common divisor of v and 2335?
5
Suppose 17*m - 169 - 1 = 0. Suppose 12*d = m*d + 320. Let b = 23 + -13. What is the greatest common factor of b and d?
10
Suppose 639 + 761 = 5*k. Let b = 9967 - 9855. Calculate the highest common factor of k and b.
56
Let h be (-39)/(-65) - (7906/10 - 1). Let f = h + 320. Let k = -284 - f. What is the highest common factor of 74 and k?
37
Let m(w) = 7*w**2 - 48*w + 718. Let g be m(23). Calculate the highest common divisor of 31 and g.
31
Let k(w) = -94 - 55 - 19*w + 55. Let x be k(-7). Calculate the highest common divisor of 624 and x.
39
Let x = 20 - 5. Suppose 262 = 3*z - 5*q, 0 = 27*q - 24*q + 15. Suppose -4*p + z = 5*m - 316, -3*m = 15. What is the highest common factor of p and x?
15
Let c be (597/2)/(((-195)/10)/(-13)). Calculate the highest common factor of 1 and c.
1
Let a(z) = -4*z + 215. Let u be a(10). What is the greatest common factor of u and 75?
25
Let p = 11299 + -11251. Let d = -131 - -291. What is the highest common divisor of d and p?
16
Let m be (4 + -2 + 3)/(10 - 38885/3894). Calculate the greatest common divisor of m and 12.
6
Let v be (-928)/10*2950/(-236). Calculate the greatest common factor of 64 and v.
8
Let n = 68 + -24. Suppose 2*l = 2*c + 30, -5*l - 2*c + 95 = -3*c. Let t be (30/(-3))/((-50)/l). What is the greatest common factor of n and t?
4
Let q(n) = -n - 5. Let u be q(-12). Suppose u + 56 = m. Suppose -262*a + 254*a = -56. Calculate the greatest common divisor of m and a.
7
Suppose -171 = -10*w + w. Suppose 0 = -w*a - 546 + 2883. Calculate the highest common divisor of a and 205.
41
Let q(n) = -9*n**2 - 130*n - 88. Let d be q(-12). Calculate the greatest common factor of 2068 and d.
44
Suppose 3*z - 9 = 0, 68 = -2*c + 4*z + 182. Calculate the greatest common factor of c and 602.
7
Let t(d) = 9*d**3 + 3*d**2 - 2*d. Let g be t(2). Suppose -6*r + g = -130. What is the greatest common factor of 245 and r?
35
Let w = 434 + -145. Let p = w + -51. Calculate the greatest common divisor of p and 28.
14
Suppose a - 4*x = -8, -2*x = -5*a + 4 - 26. Let w be 35/3 + (a - 52/(-12)). What is the greatest common factor of w and 60?
12
Let j(m) = -m - 13*m**2 + 0*m - 8*m + 28 + 7*m + m**3. Let c be j(13). What is the highest common divisor of 18 and c?
2
Suppose -28*x = -3169 + 929.